e factors of 1183.
7, 13
What are the prime factors of 11571?
3, 7, 19, 29
List the prime factors of 2813.
29, 97
What are the prime factors of 6802?
2, 19, 179
What are the prime factors of 33461?
33461
What are the prime factors of 27474?
2, 3, 19, 241
What are the prime factors of 52123?
47, 1109
What are the prime factors of 1231?
1231
List the prime factors of 21102.
2, 3, 3517
List the prime factors of 28419.
3, 9473
What are the prime factors of 616?
2, 7, 11
List the prime factors of 68699.
68699
List the prime factors of 223.
223
List the prime factors of 13610.
2, 5, 1361
What are the prime factors of 7239?
3, 19, 127
List the prime factors of 3722.
2, 1861
List the prime factors of 5708.
2, 1427
List the prime factors of 53086.
2, 11, 19, 127
What are the prime factors of 31192?
2, 7, 557
What are the prime factors of 53707?
43, 1249
What are the prime factors of 77603?
71, 1093
List the prime factors of 552.
2, 3, 23
What are the prime factors of 3452?
2, 863
What are the prime factors of 1819?
17, 107
What are the prime factors of 1602?
2, 3, 89
What are the prime factors of 3684?
2, 3, 307
What are the prime factors of 24472?
2, 7, 19, 23
What are the prime factors of 11111?
41, 271
What are the prime factors of 47361?
3, 15787
What are the prime factors of 7806?
2, 3, 1301
List the prime factors of 5248.
2, 41
What are the prime factors of 32494?
2, 7, 11, 211
List the prime factors of 28277.
28277
List the prime factors of 4163.
23, 181
What are the prime factors of 36571?
36571
What are the prime factors of 1578?
2, 3, 263
What are the prime factors of 338?
2, 13
What are the prime factors of 2299?
11, 19
List the prime factors of 7032.
2, 3, 293
List the prime factors of 3753.
3, 139
List the prime factors of 2544.
2, 3, 53
List the prime factors of 1611.
3, 179
What are the prime factors of 5516?
2, 7, 197
List the prime factors of 250.
2, 5
What are the prime factors of 14262?
2, 3, 2377
List the prime factors of 122143.
7, 17449
What are the prime factors of 89399?
89399
List the prime factors of 47463.
3, 13, 1217
What are the prime factors of 2097?
3, 233
What are the prime factors of 8938?
2, 41, 109
List the prime factors of 205536.
2, 3, 2141
What are the prime factors of 2480?
2, 5, 31
List the prime factors of 35344.
2, 47
List the prime factors of 43259.
181, 239
List the prime factors of 1019.
1019
List the prime factors of 991.
991
List the prime factors of 182602.
2, 7, 13043
What are the prime factors of 28776?
2, 3, 11, 109
List the prime factors of 919.
919
List the prime factors of 13.
13
List the prime factors of 97044.
2, 3, 8087
What are the prime factors of 24396?
2, 3, 19, 107
What are the prime factors of 503?
503
What are the prime factors of 6541?
31, 211
List the prime factors of 5488.
2, 7
What are the prime factors of 976?
2, 61
What are the prime factors of 738?
2, 3, 41
What are the prime factors of 46565?
5, 67, 139
List the prime factors of 51.
3, 17
List the prime factors of 4143.
3, 1381
List the prime factors of 13443.
3, 4481
List the prime factors of 8899.
11, 809
List the prime factors of 12921.
3, 59, 73
List the prime factors of 14550.
2, 3, 5, 97
What are the prime factors of 1047?
3, 349
What are the prime factors of 3981?
3, 1327
List the prime factors of 837.
3, 31
What are the prime factors of 1485?
3, 5, 11
List the prime factors of 858.
2, 3, 11, 13
List the prime factors of 782.
2, 17, 23
List the prime factors of 1339.
13, 103
List the prime factors of 26721.
3, 2969
What are the prime factors of 98515?
5, 17, 19, 61
What are the prime factors of 18016?
2, 563
List the prime factors of 3226.
2, 1613
List the prime factors of 876.
2, 3, 73
List the prime factors of 5273.
5273
List the prime factors of 951.
3, 317
List the prime factors of 22395.
3, 5, 1493
What are the prime factors of 36891?
3, 4099
What are the prime factors of 1807?
13, 139
List the prime factors of 9359.
7, 191
What are the prime factors of 2874?
2, 3, 479
List the prime factors of 4035.
3, 5, 269
List the prime factors of 170453.
23, 7411
List the prime factors of 874.
2, 19, 23
List the prime factors of 5987.
5987
What are the prime factors of 8441?
23, 367
What are the prime factors of 690?
2, 3, 5, 23
What are the prime factors of 3260?
2, 5, 163
List the prime factors of 1360.
2, 5, 17
What are the prime factors of 1226?
2, 613
What are the prime factors of 831?
3, 277
List the prime factors of 26335.
5, 23, 229
List the prime factors of 956.
2, 239
What are the prime factors of 44841?
3, 14947
What are the prime factors of 349?
349
List the prime factors of 77314.
2, 29, 31, 43
What are the prime factors of 2623?
43, 61
What are the prime factors of 827?
827
List the prime factors of 6748.
2, 7, 241
List the prime factors of 1070.
2, 5, 107
What are the prime factors of 138993?
3, 107, 433
List the prime factors of 13583.
17, 47
List the prime factors of 5830.
2, 5, 11, 53
What are the prime factors of 15730?
2, 5, 11, 13
What are the prime factors of 37711?
43, 877
What are the prime factors of 31955?
5, 7, 11, 83
List the prime factors of 6607.
6607
List the prime factors of 3103.
29, 107
What are the prime factors of 6?
2, 3
List the prime factors of 63.
3, 7
List the prime factors of 11670.
2, 3, 5, 389
List the prime factors of 2454.
2, 3, 409
List the prime factors of 25546.
2, 53, 241
List the prime factors of 66918.
2, 3, 19, 587
What are the prime factors of 8441?
23, 367
What are the prime factors of 1512?
2, 3, 7
List the prime factors of 15899.
13, 1223
What are the prime factors of 427?
7, 61
What are the prime factors of 4302?
2, 3, 239
List the prime factors of 7996.
2, 1999
What are the prime factors of 56095?
5, 13, 863
What are the prime factors of 171294?
2, 3, 28549
List the prime factors of 8290.
2, 5, 829
List the prime factors of 5407.
5407
List the prime factors of 6964.
2, 1741
What are the prime factors of 21482?
2, 23, 467
What are the prime factors of 42124?
2, 10531
List the prime factors of 481.
13, 37
List the prime factors of 84123.
3, 13, 719
List the prime factors of 5802.
2, 3, 967
List the prime factors of 69969.
3, 83, 281
List the prime factors of 26429.
13, 19, 107
List the prime factors of 3203.
3203
What are the prime factors of 3449?
3449
What are the prime factors of 28210?
2, 5, 7, 13, 31
List the prime factors of 8856.
2, 3, 41
What are the prime factors of 25396?
2, 7, 907
List the prime factors of 12600.
2, 3, 5, 7
What are the prime factors of 525?
3, 5, 7
What are the prime factors of 77112?
2, 3, 7, 17
What are the prime factors of 10102?
2, 5051
What are the prime factors of 18325?
5, 733
What are the prime factors of 1281?
3, 7, 61
What are the prime factors of 5421?
3, 13, 139
List the prime factors of 31419.
3, 3491
What are the prime factors of 83921?
83921
List the prime factors of 4408.
2, 19, 29
What are the prime factors of 2886?
2, 3, 13, 37
What are the prime factors of 19159?
7, 17, 23
What are the prime factors of 1441?
11, 131
List the prime factors of 8721.
3, 17, 19
List the prime factors of 4244.
2, 1061
List the prime factors of 63055.
5, 12611
List the prime factors of 54802.
2, 11, 47, 53
List the prime factors of 744.
2, 3, 31
List the prime factors of 935.
5, 11, 17
What are the prime factors of 12525?
3, 5, 167
List the prime factors of 232.
2, 29
List the prime factors of 31593.
3, 10531
List the prime factors of 15417.
3, 571
What are the prime factors of 2351?
2351
List the prime factors of 3372.
2, 3, 281
What are the prime factors of 4529?
7, 647
What are the prime factors of 8529?
3, 2843
What are the prime factors of 64849?
64849
What are the prime factors of 2241?
3, 83
What are the prime factors of 1251?
3, 139
What are the prime factors of 23216?
2, 1451
What are the prime factors of 818?
2, 409
What are the prime factors of 3121?
3121
List the prime factors of 100.
2, 5
List the prime factors of 7792.
2, 487
What are the prime factors of 7013?
7013
List the prime factors of 148762.
2, 74381
List the prime factors of 8923.
8923
What are the prime factors of 12419?
11, 1129
List the prime factors of 4316.
2, 13, 83
List the prime factors of 696.
2, 3, 29
What are the prime factors of 12307?
31, 397
What are the prim